8. What is x(-2)?
48
Let b(h) = 159*h - 642. Calculate b(4).
-6
Let f(d) = -4*d**2 - 20*d - 125. Calculate f(-8).
-221
Let g(q) = -2*q**3 + 61*q**2 + 33*q - 58. Determine g(31).
4
Let k(t) = 66*t - 362. What is k(6)?
34
Let n(o) = -o**3 + 163*o**2 - 2221*o + 148. Give n(148).
0
Let z(i) = -349*i - 1716. What is z(-5)?
29
Let b(f) = 4781*f + 38237. Give b(-8).
-11
Let l(d) = 186*d + 9658. Determine l(-52).
-14
Let w(r) = 3*r**2 - 44*r - 12. What is w(15)?
3
Let d(v) = -219*v - 885. Calculate d(-4).
-9
Let r(a) = 47*a - 1456. Determine r(36).
236
Let w(p) = -2*p**2 - 69*p + 1149. Give w(13).
-86
Let p(s) = s**3 + 11*s**2 + 1435*s + 7032. What is p(-5)?
7
Let u(j) = -4*j**3 + 5*j**2 + 20*j - 2. Give u(-5).
523
Let f(v) = v**3 - 87*v**2 + 167*v + 250. Calculate f(85).
-5
Let k(z) = -11*z - 339. Calculate k(-31).
2
Let y(f) = 91*f - 442. Determine y(5).
13
Let k(x) = -346*x - 2032. Give k(-6).
44
Let p(n) = -32*n - 327. What is p(-8)?
-71
Let n(g) = 671*g - 18782. Determine n(28).
6
Let u(t) = 6*t**2 + 158*t + 133. Calculate u(-25).
-67
Let i(s) = s**3 - 42*s**2 + 144*s - 1022. What is i(39)?
31
Let w(i) = -i**3 - 28*i**2 + 62*i + 48. Give w(-30).
-12
Let r(p) = -32*p**2 - 24*p - 9. Give r(-1).
-17
Let m(i) = -54*i - 1836. Give m(-34).
0
Let h(z) = -z**3 + 269*z**2 - 16108*z - 177. Determine h(90).
3
Let h(d) = 17*d**2 - 66*d - 14. Calculate h(4).
-6
Let c(h) = 2*h**3 - 362*h**2 + 1058*h + 1788. Calculate c(178).
8
Let y(f) = f**2 - 57*f + 152. What is y(3)?
-10
Let l(z) = 48*z + 719. Give l(-14).
47
Let y(p) = 62*p - 26. Calculate y(2).
98
Let t(j) = 28*j - 47. Determine t(2).
9
Let d(v) = -v**3 - 59*v**2 - 159*v - 5848. Calculate d(-58).
10
Let u(m) = -3*m**3 - 4*m**2 - 9*m + 40. Calculate u(-5).
360
Let j(g) = g**3 - 20*g**2 - 31*g + 187. Give j(21).
-23
Let w(v) = v**3 - 13*v**2 + 8*v - 8. Give w(5).
-168
Let s(n) = -3*n**3 + 44*n**2 - 120*n - 316. Give s(8).
4
Let t(w) = w**2 - 65*w + 673. Give t(52).
-3
Let k(g) = g**2 - 168*g + 3502. Calculate k(27).
-305
Let v(a) = -265*a - 3724. Give v(-14).
-14
Let c(o) = o**3 + 7*o**2 + 11*o - 12. What is c(-4)?
-8
Let w(n) = -n**2 - 170*n - 330. What is w(-2)?
6
Let n(f) = -2*f**3 - 71*f**2 - 35*f - 81. What is n(-35)?
-81
Let a(h) = -4*h**2 - 12*h + 146. Give a(9).
-286
Let m(d) = -125*d - 9012. What is m(-72)?
-12
Let n(w) = -198*w + 2584. What is n(13)?
10
Let l(n) = -2*n**3 - 20*n**2 + 93*n + 86. What is l(-13)?
-109
Let y(w) = -446*w + 2349. Calculate y(5).
119
Let x(m) = m**2 - 343*m + 7057. What is x(22)?
-5
Let w(j) = j**2 + 75*j + 351. Calculate w(-5).
1
Let y(w) = -w + 182. Give y(-5).
187
Let w(q) = -131*q**2 + 396*q + 3. Calculate w(3).
12
Let l(y) = -995*y - 8961. Determine l(-9).
-6
Let g(h) = -805*h**2 + 12881*h - 12. Calculate g(16).
4
Let b(s) = 43*s + 5932. Give b(-138).
-2
Let v(p) = -p**3 - 8*p**2 - 19*p - 116. Give v(-8).
36
Let u(k) = -10*k - 1. Calculate u(-8).
79
Let z(m) = -172*m**2 + 1196*m - 17. Calculate z(7).
-73
Let s(x) = 6*x**3 - 7*x**2 + 13*x - 6. Calculate s(1).
6
Let g(f) = 81*f - 114. Give g(7).
453
Let k(u) = -u**2 - 4*u + 18. What is k(-10)?
-42
Let i(z) = -178*z + 145. Calculate i(2).
-211
Let x(q) = -q**3 + 2*q**2 + 25*q - 44. Determine x(5).
6
Let q(x) = 12*x**2 - 37*x - 40. What is q(5)?
75
Let p(b) = 7*b**3 - 72*b**2 + 23*b - 28. What is p(10)?
2
Let v(p) = 928*p + 17628. Determine v(-19).
-4
Let p(z) = -z**2 - 54*z + 515. Give p(-63).
-52
Let l(z) = -10*z - 98. Calculate l(7).
-168
Let y(n) = -205*n + 24848. Determine y(121).
43
Let b(q) = -2*q**3 - 93*q**2 - 39*q + 418. Calculate b(-46).
96
Let j(d) = -286*d + 6658. Calculate j(23).
80
Let o(d) = 4*d**2 - 567*d - 141. Determine o(142).
1
Let w(m) = -8*m**2 - 137*m - 18. What is w(-10)?
552
Let n(g) = 32*g + 3471. What is n(-108)?
15
Let c(l) = -74*l - 168. Determine c(-2).
-20
Let p(c) = c**2 - 16*c. What is p(-10)?
260
Let k(c) = -88*c + 1165. What is k(5)?
725
Let q(a) = 5*a**2 - 47*a + 12. Calculate q(9).
-6
Let u(c) = -95*c + 959. Determine u(16).
-561
Let d(o) = 4080*o + 53066. What is d(-13)?
26
Let z(t) = -t**3 + 11*t**2 + 13*t - 145. Determine z(11).
-2
Let w(y) = -39*y**2 + 637*y - 246. Calculate w(16).
-38
Let d(t) = t**2 - 80*t + 341. Determine d(5).
-34
Let z(u) = 2*u**3 - 65*u**2 - 101*u - 6. Determine z(34).
28
Let u(l) = -120*l**2 - 504*l - 1. Give u(-4).
95
Let i(w) = -w**2 - 109*w + 2428. Determine i(-128).
-4
Let d(q) = 14*q**2 + 120*q - 232. Determine d(2).
64
Let i(m) = 28*m + 25. Give i(0).
25
Let g(b) = 2*b**2 + 114*b + 40. Give g(-55).
-180
Let t(q) = -11*q + 768. Determine t(27).
471
Let d(x) = -16*x**3 - 145*x**2 - 11*x - 14. Calculate d(-9).
4
Let w(j) = 10*j - 217. What is w(-4)?
-257
Let u(k) = -k**2 - 9547*k - 19099. What is u(-2)?
-9
Let r(u) = -u**2 + 47*u + 640. Calculate r(-11).
2
Let v(z) = -207*z - 9. Give v(0).
-9
Let d(s) = -12*s - 357. Give d(-28).
-21
Let s(b) = -b**2 + 8*b + 44. Calculate s(10).
24
Let d(y) = 7*y**2 - 243*y + 991. Calculate d(30).
1
Let b(a) = -30*a + 22. Give b(13).
-368
Let a(x) = -88*x - 454. Give a(-5).
-14
Let g(f) = -5*f**2 + 82*f + 56. Give g(17).
5
Let p(u) = -u**2 + 45*u + 24. Determine p(27).
510
Let v(m) = m**2 - 49*m + 256. Determine v(42).
-38
Let a(y) = y**3 - 14*y**2 + 13*y - 3. What is a(13)?
-3
Let m(h) = -228*h + 1370. What is m(6)?
2
Let m(i) = -61*i - 53. Determine m(-7).
374
Let k(q) = q**3 - 38*q**2 + 160*q + 3. Determine k(33).
-162
Let v(i) = -10*i + 218. Determine v(31).
-92
Let r(z) = -13*z + 30. What is r(-6)?
108
Let v(f) = 14*f**2 - 16*f - 118. What is v(-6)?
482
Let y(j) = 4*j**2 + 733*j + 732. Give y(-1).
3
Let m(y) = y**3 + 24*y**2 + 2482*y + 65880. Determine m(-26).
-4
Let p(b) = 2*b**3 + 63*b**2 + 321*b + 8996. Determine p(-31).
6
Let n(g) = 5*g**2 - 666*g + 2066. What is n(130)?
-14
Let b(t) = 2*t**3 - 6*t**2 - 10*t - 26. Determine b(5).
24
Let p(x) = x**3 - 11*x**2 - 1607*x + 103. What is p(-35)?
-2
Let y(v) = -v**2 - 115*v - 3367. Determine y(-42).
-301
Let p(q) = -q**3 + 9*q**2 + 13*q - 25. What is p(9)?
92
Let f(d) = -46*d**2 + 504*d - 34. Determine f(11).
-56
Let d(g) = 18*g + 245. Give d(5).
335
Let p(b) = -406*b + 2529. Determine p(6).
93
Let d(r) = -18*r - 10. What is d(5)?
-100
Let p(d) = -d**3 - 22*d**2 + 319*d - 35. Determine p(-32).
-3
Let r(j) = 175*j**2 - 331*j - 3. Determine r(2).
35
Let x(f) = f**3 + 2*f**2 + f + 7. Determine x(3).
55
Let h(x) = 62*x - 359. Determine h(7).
75
Let f(a) = a**2 + 13*a - 11. Give f(-6).
-53
Let h(y) = 2*y**3 - 137*y**2 + 2022*y - 3. Give h(47).
44
Let t(z) = -93*z - 7595. What is t(-82)?
31
Let v(o) = o**3 + 48*o**2 - o + 47. What is v(-48)?
95
Let s(x) = 6*x - 193. What is s(41)?
53
Let y(h) = -h**3 + 83*h**2 - 231*h - 717. Give y(80).
3
Let v(j) = -2*j**2 - 169*j - 415. Calculate v(-82).
-5
Let g(k) = -211*k - 13518. Determine g(-64).
-14
Let b(i) = 3*i**3 - 107*i**2 + 69*i + 127. Determine b(35).
92
Let i(n) = n**3 + 31*n**2 - 1025*n - 259. Give i(-51).
-4
Let n(l) = 6*l - 250. Give n(-7).
-292
Let m(b) = 2*b**2 - 146*b + 2397. Calculate m(25).
-3
Let g(j) = 45*j + 5. Calculate g(3).
140
Let h(o) = -o**3 - 5*o**2 + 87*o - 198. Determine h(-13).
23
Let t(l) = l**2 + 35*l + 116. Calculate t(-25).
-134
Let k(j) = -j**3 - 14*j**2 + 31*j + 17. Determine k(-16).
33
Let g(n) = -34*n - 432. Calculate g(-18).
180
Let o(y) = -1008*y + 26274. Determine o(26).
66
Let r(a) = -4*a**2 + 220*a + 696. Give r(-3).
0
Let n(p) = -13*p - 85. What is n(-18)?
149
Let b(w) = w**2 - 13*w - 544. Calculate b(34).
170
Let p(d) = -d**3 + 11*d**2 - 143*d + 1796. Calculate p(12).
-64
Let c(b) = -19*b - 1518. Determine c(-80).
2
Let l(u) = -16*u**3 + 7*u**2 - 9*u + 4. What is l(2)?
-114
Let i(j) = j**3 - j**2 - 26*j + 1. Determine i(-5).
-19
Let w(s) = -4*s**3 - 36*s**2 - 39*s - 52. Determine w(-8).
4
Let a(s) = 4*s**3 - 636*s**2 - 6*s + 954. Determine a(159).
0
Let m(f) = f**3 + 7*f**2 - 29*f + 75. What is m(4)?
135
Let r(p) = 1872*p + 1806. What is r(-1)?
-66
Let j(t) = 6*t**2 + 29*t - 22. Give j(-6).
20
Let z(k) = 41*k + 105. What is z(-6)?
-141
Let h(a) = a**3 + 17*a**2 - 28*a - 251. Give h(-17).
225
Let g(h) = -2*h**2 + 420*h - 6919. Calculate g(18).
-7
Let q(h) = -50*h - 5910. Give q(-118).
-10
Let k(y) = -262*y - 1845. Determine k(-7).
-11
Let a(n) = -n**3 + 11*n**2 - 39*n + 64. Calculate a